{"id":86,"date":"2016-02-20T23:25:27","date_gmt":"2016-02-20T23:25:27","guid":{"rendered":"http:\/\/totaltheme.wpengine.com\/eco\/?page_id=2"},"modified":"2025-04-20T05:26:59","modified_gmt":"2025-04-20T03:26:59","slug":"about-us","status":"publish","type":"page","link":"https:\/\/uniformesmariarivas.com.ve\/index.php\/about-us\/","title":{"rendered":"Quienes Somos"},"content":{"rendered":"<div class=\"wpb-content-wrapper\">[vc_row css=\u00bb.vc_custom_1456355408550{margin-top: 40px !important;}\u00bb][vc_column]<style>.vcex-heading.vcex_69f5d4fb36aae{color:#337f00;font-size:30px;}.vcex-heading.vcex_69f5d4fb36aae:hover{color:#65d800;}<\/style><h2 class=\"vcex-heading vcex-heading-plain vcex-module wpex-heading wpex-text-2xl wpex-text-center vcex_69f5d4fb36aae\"><span class=\"vcex-heading-inner wpex-inline-block\">Uniformes Mar\u00eda Rivas<\/span><\/h2><div class=\"vcex-spacing wpex-w-100 wpex-clear\" style=\"height:10px;\"><\/div>[vc_column_text css=\u00bb\u00bb]\n<p style=\"text-align: center;\">Somos su socio estrat\u00e9gico para vestir a su equipo. Ofrecemos un servicio integral que abarca desde el dise\u00f1o conceptual hasta la entrega final de los uniformes. Contamos con una amplia variedad de telas y estilos para elegir, y nos adaptamos a cualquier presupuesto. Adem\u00e1s, brindamos asesoramiento personalizado para seleccionar los uniformes m\u00e1s adecuados para cada sector y ocasi\u00f3n.<\/p>\n[\/vc_column_text][\/vc_column][\/vc_row][vc_row css=\u00bb.vc_custom_1456355415446{margin-bottom: 60px !important;}\u00bb][vc_column width=\u00bb1\/3&#8243;][vc_single_image image=\u00bb174&#8243; css_animation=\u00bbfadeInLeft\u00bb css=\u00bb\u00bb][\/vc_column][vc_column width=\u00bb2\/3&#8243; css=\u00bb.vc_custom_1727408167929{padding-top: 40px !important;}\u00bb][vc_column_text css_animation=\u00bbfadeInRight\u00bb css=\u00bb\u00bb color=\u00bb#1b7400&#8243;]<span style=\"color: #339966; font-size: 21px; font-weight: bold;\">Nuestra Propuesta de Valor<\/span><\/p>\n<p><span style=\"color: #339966;\"><strong>Experiencia:<\/strong><\/span> Contamos con 23 a\u00f1os de experiencia en el sector, lo que nos permite ofrecerte soluciones personalizadas y a la medida de tus necesidades.<\/p>\n<p><span style=\"color: #339966;\"><strong>Calidad:<\/strong><\/span> Utilizamos los mejores materiales y t\u00e9cnicas de confecci\u00f3n para garantizar la durabilidad y el confort de nuestros uniformes.<\/p>\n<p><strong><span style=\"color: #339966;\">Dise\u00f1o:<\/span><\/strong> Nuestro equipo de dise\u00f1o crea modelos exclusivos y a la vanguardia, adapt\u00e1ndose a las \u00faltimas tendencias de la moda corporativa.<\/p>\n<p><span style=\"color: #339966;\"><strong>Servicio personalizado:<\/strong><\/span> Te ofrecemos un servicio integral, desde el dise\u00f1o hasta la entrega final, con atenci\u00f3n personalizada en cada etapa del proceso.[\/vc_column_text][\/vc_column][\/vc_row][vc_row full_width=\u00bbstretch_row\u00bb css=\u00bb.vc_custom_1456350084138{border-top-width: 1px !important;border-bottom-width: 1px !important;padding-top: 70px !important;padding-bottom: 60px !important;background-color: #f3f1eb !important;border-top-color: #e6e2d6 !important;border-top-style: solid !important;border-bottom-color: #e6e2d6 !important;border-bottom-style: solid !important;}\u00bb][vc_column width=\u00bb2\/3&#8243;][vc_column_text css_animation=\u00bbfadeInLeft\u00bb css=\u00bb\u00bb]\n<h2 style=\"text-align: center;\"><span style=\"color: #339966;\"><strong>Misi\u00f3n<\/strong><\/span><\/h2>\n<p>Ser la empresa l\u00edder en la confecci\u00f3n de uniformes corporativos en Venezuela, ofreciendo productos y servicios de alta calidad que superen las expectativas de nuestros clientes, contribuyendo al \u00e9xito de sus negocios.<\/p>\n<p>&nbsp;<\/p>\n<h2 style=\"text-align: center;\"><strong><span style=\"color: #339966;\">Visi\u00f3n<\/span><\/strong><\/h2>\n<p>Posicionarnos como la marca referente en el mercado de uniformes corporativos, reconocida por nuestra innovaci\u00f3n, calidad y compromiso con nuestros clientes.[\/vc_column_text][\/vc_column][vc_column width=\u00bb1\/3&#8243;]<figure class=\"vcex-image vcex-module  wpb_animate_when_almost_visible wpb_fadeInRight fadeInRight\"><div class=\"vcex-image-inner wpex-relative wpex-inline-block\"><img width=\"350\" height=\"440\" src=\"https:\/\/uniformesmariarivas.com.ve\/wp-content\/uploads\/2024\/09\/mision.jpg\" class=\"vcex-image-img wpex-align-middle\" alt=\"\" loading=\"lazy\" decoding=\"async\" srcset=\"https:\/\/uniformesmariarivas.com.ve\/wp-content\/uploads\/2024\/09\/mision.jpg 350w, https:\/\/uniformesmariarivas.com.ve\/wp-content\/uploads\/2024\/09\/mision-239x300.jpg 239w\" sizes=\"auto, (max-width: 350px) 100vw, 350px\" \/><\/div><\/figure>[\/vc_column][\/vc_row][vc_row disable_element=\u00bbyes\u00bb remove_bottom_col_margin=\u00bbtrue\u00bb css=\u00bb.vc_custom_1727409507416{padding-top: 80px !important;padding-bottom: 80px !important;}\u00bb][vc_column]<style>.vcex-heading.vcex_69f5d4fb37947{font-size:30px;}<\/style><h2 class=\"vcex-heading vcex-heading-plain vcex-module wpex-heading wpex-text-2xl wpex-text-center vcex_69f5d4fb37947\"><span class=\"vcex-heading-inner wpex-inline-block\">Get Involved<\/span><\/h2><div class=\"vcex-spacing wpex-w-100 wpex-clear\" style=\"height:10px;\"><\/div>[vc_column_text]\n<p style=\"text-align: center;\">Now that you know about us, we want to get to know you. Find out how you can get involved with our work today!<\/p>\n[\/vc_column_text]<div class=\"vcex-spacing wpex-w-100 wpex-clear\" style=\"height:40px;\"><\/div><div class=\"vcex-grid-container vcex-module wpex-grid wpex-gap-20 wpex-grid-cols-1 wpex-md-grid-cols-3\" style=\"gap:40px;\"><a class=\"vcex-module vcex-icon-box vcex-icon-box-two vcex-icon-box-has-link wpex-inherit-color wpex-no-underline wpex-block wpex-text-center vc_custom_1651792384406 equal-height-content\" href=\"https:\/\/uniformesmariarivas.com.ve\/events\/\"><div class=\"vcex-icon-box-symbol wpex-mb-20\"><img width=\"128\" height=\"128\" src=\"https:\/\/uniformesmariarivas.com.ve\/wp-content\/uploads\/2016\/02\/join.png\" class=\"vcex-icon-box-image wpex-align-middle\" alt=\"\" loading=\"lazy\" decoding=\"async\" \/><\/div><div class=\"vcex-icon-box-text\"><h2 class=\"vcex-icon-box-heading wpex-heading wpex-mb-10\" style=\"font-size:21px;\">Join A Cause<\/h2><div class=\"vcex-icon-box-content wpex-last-mb-0 wpex-clr\"><p>We&#8217;re involved with everything eco and environmentally conscious. Visit our events calendar to see what&#8217;s coming up, or let us know of any other events we should add.<\/p>\n<\/div><\/div><\/a><a class=\"vcex-module vcex-icon-box vcex-icon-box-two vcex-icon-box-has-link wpex-inherit-color wpex-no-underline wpex-block wpex-text-center vc_custom_1651792392135 equal-height-content\" href=\"https:\/\/uniformesmariarivas.com.ve\/contact\/\"><div class=\"vcex-icon-box-symbol wpex-mb-20\"><img width=\"128\" height=\"128\" src=\"https:\/\/uniformesmariarivas.com.ve\/wp-content\/uploads\/2016\/02\/volunteer.png\" class=\"vcex-icon-box-image wpex-align-middle\" alt=\"\" loading=\"lazy\" decoding=\"async\" \/><\/div><div class=\"vcex-icon-box-text\"><h2 class=\"vcex-icon-box-heading wpex-heading wpex-mb-10\" style=\"font-size:21px;\">Volunteer<\/h2><div class=\"vcex-icon-box-content wpex-last-mb-0 wpex-clr\"><p>With so many great causes\u00a0to support we have a lot of office work to boot. If you wan to help with mailers, cold calling, event organization and more join our office team.<\/p>\n<\/div><\/div><\/a><a class=\"vcex-module vcex-icon-box vcex-icon-box-two vcex-icon-box-has-link wpex-inherit-color wpex-no-underline wpex-block wpex-text-center vc_custom_1651792401743 equal-height-content\" href=\"https:\/\/uniformesmariarivas.com.ve\/donate\/\"><div class=\"vcex-icon-box-symbol wpex-mb-20\"><img width=\"128\" height=\"128\" src=\"https:\/\/uniformesmariarivas.com.ve\/wp-content\/uploads\/2016\/02\/donate.png\" class=\"vcex-icon-box-image wpex-align-middle\" alt=\"\" loading=\"lazy\" decoding=\"async\" \/><\/div><div class=\"vcex-icon-box-text\"><h2 class=\"vcex-icon-box-heading wpex-heading wpex-mb-10\" style=\"font-size:21px;\">Make A Donation<\/h2><div class=\"vcex-icon-box-content wpex-last-mb-0 wpex-clr\"><p>If you&#8217;re as passionate about the earth as we are but you don&#8217;t have the time to\u00a0attend one of our events you can still make a difference with a monetary donation.<\/p>\n<\/div><\/div><\/a><\/div>[\/vc_column][\/vc_row]\n<\/div>","protected":false},"excerpt":{"rendered":"<p>[vc_row css=\u00bb.vc_custom_1456355408550{margin-top: 40px !important;}\u00bb][vc_column][vc_column_text css=\u00bb\u00bb] Somos su socio estrat\u00e9gico para vestir a su equipo. Ofrecemos un servicio integral que abarca desde el dise\u00f1o conceptual hasta la entrega final de los uniformes. Contamos con una amplia variedad de telas y estilos para elegir, y nos adaptamos a cualquier presupuesto. Adem\u00e1s, brindamos asesoramiento personalizado para seleccionar los&hellip;<\/p>\n","protected":false},"author":1,"featured_media":0,"parent":0,"menu_order":0,"comment_status":"closed","ping_status":"closed","template":"","meta":{"footnotes":""},"class_list":["post-86","page","type-page","status-publish","hentry","entry","no-media"],"_links":{"self":[{"href":"https:\/\/uniformesmariarivas.com.ve\/index.php\/wp-json\/wp\/v2\/pages\/86","targetHints":{"allow":["GET"]}}],"collection":[{"href":"https:\/\/uniformesmariarivas.com.ve\/index.php\/wp-json\/wp\/v2\/pages"}],"about":[{"href":"https:\/\/uniformesmariarivas.com.ve\/index.php\/wp-json\/wp\/v2\/types\/page"}],"author":[{"embeddable":true,"href":"https:\/\/uniformesmariarivas.com.ve\/index.php\/wp-json\/wp\/v2\/users\/1"}],"replies":[{"embeddable":true,"href":"https:\/\/uniformesmariarivas.com.ve\/index.php\/wp-json\/wp\/v2\/comments?post=86"}],"version-history":[{"count":12,"href":"https:\/\/uniformesmariarivas.com.ve\/index.php\/wp-json\/wp\/v2\/pages\/86\/revisions"}],"predecessor-version":[{"id":399,"href":"https:\/\/uniformesmariarivas.com.ve\/index.php\/wp-json\/wp\/v2\/pages\/86\/revisions\/399"}],"wp:attachment":[{"href":"https:\/\/uniformesmariarivas.com.ve\/index.php\/wp-json\/wp\/v2\/media?parent=86"}],"curies":[{"name":"wp","href":"https:\/\/api.w.org\/{rel}","templated":true}]}}